 number?
False
Is 32348883701 composite?
False
Is 327871021 composite?
False
Is 3432784639 composite?
False
Is 50851012801 prime?
True
Is 3586903109 a prime number?
False
Is 109487784643 a prime number?
True
Is 37586759299 a composite number?
True
Is 3007456913 a prime number?
True
Is 26433506237 composite?
True
Is 716281201 composite?
False
Is 1355419973 prime?
True
Is 57948718859 a prime number?
True
Is 50099989 composite?
False
Is 1155522061 a prime number?
True
Is 152617555 prime?
False
Is 45093017993 prime?
True
Is 2285077189 a composite number?
False
Is 7131106127 a prime number?
False
Is 170156407 a prime number?
False
Is 20807083327 a prime number?
True
Is 678394165 a composite number?
True
Is 880478527 composite?
False
Is 1054115663 prime?
False
Is 3350903453 a composite number?
True
Is 14150584571 a prime number?
False
Is 34444486 a composite number?
True
Is 59004566077 a composite number?
False
Is 337435101167 composite?
False
Is 1670513511 composite?
True
Is 109826002133 a prime number?
False
Is 10971321871 composite?
False
Is 52254191149 prime?
True
Is 73601846807 a prime number?
False
Is 130089908653 composite?
False
Is 4705527989 a composite number?
True
Is 8357827549 composite?
True
Is 4043805023 a prime number?
True
Is 603818953 a prime number?
True
Is 1895242177 composite?
False
Is 31913778007 composite?
True
Is 1338476917 prime?
False
Is 60275115427 prime?
True
Is 8951393929 prime?
False
Is 2183675693 composite?
True
Is 298734340945 composite?
True
Is 414945353 a prime number?
True
Is 7116395893 a prime number?
True
Is 4428766751 composite?
False
Is 13112648251 prime?
True
Is 5034998963 prime?
True
Is 3513311467 prime?
True
Is 61469414173 a composite number?
True
Is 1357522319 composite?
True
Is 46191570391 prime?
False
Is 26155767329 a prime number?
False
Is 170663131 a prime number?
False
Is 952532351 composite?
False
Is 33906213031 a composite number?
False
Is 1764003183 composite?
True
Is 58765193303 a prime number?
False
Is 2943352999 composite?
True
Is 1456706221 prime?
False
Is 1987239119 composite?
False
Is 86373709 a prime number?
True
Is 1030700969 composite?
False
Is 358909359 composite?
True
Is 36589902431 a prime number?
False
Is 194980843 composite?
True
Is 7767317207 prime?
False
Is 71189087 prime?
False
Is 1970618329 prime?
False
Is 238157363 prime?
False
Is 2458721347 a composite number?
True
Is 141447283 composite?
True
Is 39000011251 a composite number?
False
Is 12748126813 prime?
True
Is 1156006934 a composite number?
True
Is 3364327927 prime?
False
Is 336362993 a prime number?
True
Is 24181058489 a composite number?
True
Is 50728412957 prime?
True
Is 3891203621 a composite number?
True
Is 2450105529 prime?
False
Is 6914830171 a composite number?
False
Is 4034048702 composite?
True
Is 2589284389 prime?
True
Is 1143734881 prime?
False
Is 12085584079 composite?
False
Is 6458633507 a composite number?
False
Is 7381377897 a prime number?
False
Is 2587760897 a prime number?
True
Is 40267096253 composite?
False
Is 562475807 composite?
False
Is 3840450587 a prime number?
False
Is 363735443 composite?
True
Is 1465649671 prime?
True
Is 320353304087 prime?
True
Is 28163228557 prime?
True
Is 14716547927 composite?
True
Is 9655691119 a prime number?
True
Is 10641972391 composite?
False
Is 325354069 a prime number?
False
Is 3408634919 prime?
False
Is 315970097 a composite number?
False
Is 287800494505 prime?
False
Is 2455047983 composite?
True
Is 7792731319 a prime number?
False
Is 15873853439 prime?
True
Is 167031344567 a composite number?
True
Is 155991161 composite?
True
Is 26481370123 a prime number?
False
Is 19629781077 a composite number?
True
Is 44459707 a prime number?
False
Is 2919205913 a prime number?
False
Is 584554067 a prime number?
False
Is 2610909335 composite?
True
Is 5540417915 a composite number?
True
Is 1503900637 prime?
True
Is 3690343403 a composite number?
False
Is 395269862843 a composite number?
False
Is 3742259909 a prime number?
True
Is 579834569 composite?
False
Is 808681121 composite?
True
Is 130234880557 a composite number?
True
Is 1838757769 a prime number?
False
Is 178823968889 a prime number?
False
Is 1889957297 a composite number?
False
Is 69271590079 a prime number?
True
Is 314903317 a composite number?
False
Is 55317162449 prime?
True
Is 48332365811 a prime number?
True
Is 2440549 composite?
True
Is 35313409213 composite?
False
Is 5700589273 a composite number?
False
Is 32816050961 prime?
False
Is 30801749 a prime number?
False
Is 1562946277 prime?
True
Is 11246777611 prime?
True
Is 17047107353 a composite number?
False
Is 370480841 a composite number?
False
Is 968479051 a composite number?
False
Is 578115157 prime?
False
Is 8073452369 composite?
False
Is 7104748271 prime?
True
Is 8438826889 a composite number?
False
Is 1038894113 prime?
False
Is 991099771 a composite number?
False
Is 710555701 a composite number?
False
Is 142687693 composite?
True
Is 57466907 a composite number?
False
Is 410015929 prime?
False
Is 1029429719 prime?
False
Is 6117835429 a composite number?
False
Is 6373146707 prime?
True
Is 100354959547 composite?
False
Is 37222552505 composite?
True
Is 551611717 a prime number?
True
Is 5548262777 composite?
True
Is 106401162271 a composite number?
True
Is 3376282099 composite?
True
Is 13724298997 a prime number?
False
Is 1867603963 composite?
False
Is 31578740255 a composite number?
True
Is 815274913 prime?
True
Is 230558467237 composite?
True
Is 400987754 composite?
True
Is 17473393835 composite?
True
Is 18367519633 composite?
False
Is 561048751 composite?
False
Is 3907908647 a composite number?
False
Is 4838826259 a prime number?
False
Is 26099486789 a composite number?
True
Is 172782263 composite?
True
Is 23591549 composite?
False
Is 77353455579 composite?
True
Is 2176533757 prime?
False
Is 37982706747 prime?
False
Is 800578711 prime?
True
Is 798046289 prime?
True
Is 14188800181 a composite number?
False
Is 712775273893 composite?
False
Is 967734197 a prime number?
False
Is 34611129193 a composite number?
False
Is 2201185171 a composite number?
False
Is 348948497 prime?
True
Is 1068193109 a prime number?
True
Is 302702632993 a prime number?
True
Is 5449022797 prime?
True
Is 185927873 composite?
True
Is 10023171491 prime?
False
Is 100642583 a composite number?
False
Is 49830636881 prime?
False
Is 2753275597 a composite number?
True
Is 1526274397 a prime number?
True
Is 285222049 a composite number?
True
Is 466253789 a prime number?
True
Is 10984696739 a composite number?
False
Is 2038989189 prime?
False
Is 37992055 prime?
False
Is 2717391815 a prime number?
False
Is 1627563473 a prime number?
True
Is 2347788221 prime?
False
Is 17177569099 prime?
True
Is 18707958883 prime?
True
Is 4200204511 composite?
False
Is 113941796653 prime?
True
Is 3144738529 prime?
True
Is 6563985139 a composite number?
True
Is 3923311285 a prime number?
False
Is 9069812777 prime?
True
Is 10486356061 prime?
False
Is 302566967 composite?
True
Is 25062193657 a composite number?
False
Is 2234623603 a composite number?
False
Is 2315591897 a composite number?
True
Is 2393259257 prime?
False
Is 1615918687 prime?
True
Is 1879496831 composite?
True
Is 11951533787 a prime number?
False
Is 4067888347 a prime number?
True
Is 11270781419 a prime number?
True
Is 1779371189 a composite number?
True
Is 1268847137 a prime number?
False
Is 5467038491 composite?
False
Is 631892081 prime?
True
Is 6645987685 a composite number?
True
Is 263190643 a composite number?
True
Is 86977834217 composite?
False
Is 5199099881 a composite number?
True
Is 3172160711 composite?
True
Is 5273018911 composite?
True
Is 10805909 composite?
True
Is 333684497 a composite number?
True
Is 1757317179 a composite number?
True
Is 1313489357 a composite number?
False
Is 44085413189 a prime number?
True
Is 218995367 prime?
True
Is 2118847141 a prime number?
True
Is 1081568311 a composite number?
True
Is 198748708379 prime?
False
Is 148838593 a composite number?
False
Is 1268426203 prime?
False
Is 57612475339 a composite number?
False
Is 2352370879 a composite number?
True
Is 641297689 a prime number?
False
Is 4757105099 a composite number?
False
Is 3059689649 a composite number?
False
Is 246064831 composite?
True
Is 1071582263 a comp